*x + 9. Let t be k(5). Let u(n) = -3*n**2 - n - 1. What is u(t)?
-3
Let a(c) = -2*c**3 + 3*c**2 - 2. Let t(s) = s**2 + 15*s + 2. Let d be t(-15). Determine a(d).
-6
Let a(u) = u**3 + 7*u**2 + 5*u - 6. Let t(j) = -2*j. Let x be t(3). Determine a(x).
0
Let o(l) be the first derivative of -1/2*l**2 + 2 - l**3 + 1/4*l**4 - 5*l. Let p = -1 - -5. Calculate o(p).
7
Suppose -4*r + 24 = -0*r. Let s(x) = 2*x - 5. Determine s(r).
7
Let w(f) = f + 7. Let q be w(-6). Let l be 1 + 0 + q - 17. Let y = -10 - l. Let m(j) = j**2 - 5*j. Calculate m(y).
0
Let p(k) be the third derivative of 0*k - 1/6*k**3 + 0 + 1/24*k**4 + 3*k**2. What is p(-3)?
-4
Suppose 4*f - f = 6. Let d = -5 + 8. Let s(g) = 6*g - 2 + 8 - d*g - f*g. What is s(-5)?
1
Let g(b) = 9*b**3 - b**2 + b. Suppose 3*m + 3*t - 5*t - 3 = 0, m + 2*t - 1 = 0. Give g(m).
9
Let b(y) = y**3 - 9*y**2 + 14*y + 7. Let q be b(7). Let n(v) = -2*v + 7. Give n(q).
-7
Let z(c) = 4*c - 8. Let w = 11 - 13. Let y(v) = 3*v - 8. Let h(g) = w*z(g) + 3*y(g). Give h(0).
-8
Let i(k) be the first derivative of -1 + 3/2*k**2 + 0*k. Suppose -h + 4 = -5*s - 9, -5*h = -3*s - 21. Determine i(h).
9
Let b(l) be the third derivative of 0 + 0*l**4 + 0*l**3 + 2*l**2 - 1/60*l**5 + 0*l. What is b(-3)?
-9
Let j be (6/(-4))/(3/(-4)). Let p be (-4)/(-14) - 36/(-21). Let n(o) = -4*o**p - 2*o + 1 - 3*o + 5*o**2. Calculate n(j).
-5
Let z(g) be the second derivative of -g**3/3 + 13*g**2/2 + 12*g - 1. Give z(9).
-5
Let z(j) = -j**3 - 7*j**2 + 3. Let u be z(-7). Let k(r) be the second derivative of -1/12*r**4 - 2*r + 1/2*r**2 + r**u + 0. Give k(5).
6
Let u(h) be the first derivative of 1/4*h**4 - 3/2*h**2 - 2/3*h**3 - 2 - 4*h. What is u(3)?
-4
Let v(g) = 2 - g - 1 + 0. Let a be ((-3)/(-2))/((-3 - 2)/(-10)). Give v(a).
-2
Let x(q) = q**3 + 12*q**2 - 14*q - 14. Let c be x(-13). Let h(a) be the second derivative of -1/6*a**3 + 0 + 2*a + 7/12*a**4 - 1/2*a**2. What is h(c)?
7
Let f(s) = -8*s. Suppose -3*l = -2*l - 2. Suppose 5*g + 0*g = -20, 14 = l*w - 4*g. Calculate f(w).
8
Let r = -1 + 3. Let m(j) = -11*j**2 - 7*j - 4. Let p(y) = -5*y**2 - 3*y - 2. Let f(d) = 4*m(d) - 9*p(d). What is f(r)?
4
Let x(b) = b**3 + 5*b**2 - 7. Let p = 144 + -93. Suppose 4*c = p + 1. Suppose 4*v + 7 + c = 0. Calculate x(v).
-7
Suppose -3*f + 6*l - 2*l = -30, 0 = l + 3. Let i(q) = q**3 - 7*q**2 + 8*q - 8. What is i(f)?
4
Let x(c) = 7*c**2 + 14*c + 14. Let j(y) = 4*y**2 + 7*y + 7. Let k(q) = -5*j(q) + 3*x(q). Determine k(-7).
7
Let d = -8 + 12. Suppose r + 0*z + d*z - 19 = 0, -5*r + 3*z = -3. Suppose 0*f + r*f = 0. Let p(a) = -a - 4. What is p(f)?
-4
Let p(j) be the first derivative of -j**4/4 - 5*j**3/3 - j**2/2 + 6*j + 4. Determine p(-5).
11
Suppose 0 = -2*b - 4*y + 1 - 3, 0 = -b + y + 5. Let p(f) = -2*f + 0 + 2 + b*f + f. Calculate p(-4).
-6
Let n(z) = -z**2 - 2*z + 4. Let q = -10 + 7. Calculate n(q).
1
Let n(g) be the second derivative of -7*g**4/24 + g**3/6 - 2*g**2 - 4*g. Let u(h) be the first derivative of n(h). What is u(-1)?
8
Let c(j) = j**3 + 5*j**2 - 7*j - 4. Let q(m) = m**3 - 5*m**2 + 3*m - 2. Let t be q(4). Calculate c(t).
2
Let y(p) = 2*p**3 - 22*p**2 - 3*p + 21. Let w be y(11). Let i(a) = 2*a + 17. What is i(w)?
-7
Let k(p) be the first derivative of 1/3*p**3 + 6*p + 7/2*p**2 - 1. Calculate k(-6).
0
Let n = 1 - -2. Let u(k) = 9*k + 0*k**2 - n*k + 3*k**2 - 2*k**2 + 3. Give u(-5).
-2
Suppose -2*u + 1 = -3*u. Let d be (-3)/9*(-3)/u. Let l(m) = 8*m**2 - 8*m + 7. Let n(y) = 8*y**2 - 7*y + 6. Let q(g) = 6*l(g) - 7*n(g). Calculate q(d).
-9
Let m(v) be the second derivative of -v**5/20 - v**4/12 + v**3/6 + 3*v**2 + 4*v. Calculate m(0).
6
Let w(h) be the second derivative of h**4/12 + 7*h**3/6 + h**2 + 4*h. Let a(z) = -z**3 + 4*z**2 - 2*z + 5. Let k be a(4). Give w(k).
-10
Let s(a) be the second derivative of a**4/12 + a**3 - 3*a**2/2 + 2*a. Let u = 1 + -1. Let q be (4 - 9) + (u - 0). What is s(q)?
-8
Suppose 15 = 3*j - 3*k, j = 2*j - 5*k - 17. Let b(u) = u**2 + 2*u - 3 + 2*u**3 + 2 - 2 - 3*u**3. What is b(j)?
-3
Let r be 0 + 11/(-3) - (-28)/(-84). Let q(w) = 5*w + 0*w**2 + 2*w**2 - w**2 + 5. What is q(r)?
1
Let p(k) = -2 - k + 0*k + 1 - 3. Determine p(0).
-4
Suppose -5*l + 7*l = 2. Let r(d) = 4*d**2 + 1. Determine r(l).
5
Let y(h) = 1. Let o(t) = -2*t - 1. Suppose 3*a - 2*g - 5 = 0, a + 3*g + 14 = -a. Let z(x) = a*o(x) - 3*y(x). Let u be (-10 - -6)*1/2. Calculate z(u).
-6
Let q = 31 + -22. Suppose 3*t - c = q + 8, 0 = -c + 1. Let r be 32/12*t/4. Let d(l) = -l**3 + 4*l**2 + 2*l - 5. What is d(r)?
3
Let q be (-4)/14 - 32/(-14). Let o(v) be the second derivative of 2*v**2 - q*v + 1/6*v**3 + 0. Calculate o(-5).
-1
Let v(x) = -17*x**3 + x**2. Let u be -3 + (-8)/12*-6. Determine v(u).
-16
Let v = 30 - 14. Suppose 0*g = 2*g - v. Suppose m = 5*m + g. Let n(a) = -a**3 - a**2 + a + 1. Calculate n(m).
3
Let h(c) = c**2 + 2*c - 2*c**2 + 2*c. Let z = 27 + -25. Let q be (-3)/(-1 + z/8). What is h(q)?
0
Suppose b + 0*v = -v - 2, 3*b + 10 = -2*v. Let g(f) = 5*f**2 + 9*f - 5. Let q(t) = 6*t**2 + 10*t - 5. Let p(i) = 5*g(i) - 4*q(i). Calculate p(b).
1
Let z(w) = w**2 - 11*w. Let l(b) = b. Let a(x) = 5*l(x) + z(x). Calculate a(5).
-5
Let t = 8 - 3. Let b(c) be the second derivative of 0 + 1/2*c**2 + c + 1/5*c**t + 1/6*c**4 - 1/3*c**3. Determine b(1).
5
Let k(s) be the second derivative of -7*s**3/6 - 4*s. What is k(1)?
-7
Let z(t) be the first derivative of 7*t**3/3 - 3*t**2 - 8*t - 4. Let d(b) = 8*b**2 - 7*b - 9. Let u(a) = 6*d(a) - 7*z(a). Suppose -12 = 4*r - 0. Give u(r).
-7
Let p(w) = w**2. Let a(r) = -5*r - 1. Let k = 2 + -1. Let b(s) = k*a(s) + 2*p(s). Let j(c) = -2*c**2 + 4*c + 1. Let x(y) = 5*b(y) + 6*j(y). What is x(-2)?
-5
Let t(o) be the second derivative of -o**3/2 + o**2/2 - 2*o. Determine t(5).
-14
Let b(r) be the third derivative of r**4/24 - r**3/6 - 2*r**2. Calculate b(6).
5
Let r(s) = s**2 + 1. Let v(i) = -i - 3. Let k be v(3). Let p be 18*(-3)/(-4 + -2). Let d be (k/p)/((-3)/(-9)). Determine r(d).
5
Let l(j) be the second derivative of 2*j**3/3 - j**2 + 13*j. Let a be (2 - -2)*(-10)/(-8). Suppose 5*m = -4*n - 5 + 3, -a*n + 2*m + 14 = 0. What is l(n)?
6
Suppose -1 = 3*p - 4. Let o(g) = g + 1. Let u(l) = -l - 3. Let i(b) = p*u(b) + 2*o(b). What is i(2)?
1
Let x = -11 + 16. Let d be 7/x + (-9)/(-15). Let y(f) = -2*f**2 + 8*f - 2 + 2*f**3 - 4*f - f**3. What is y(d)?
6
Let d(x) = -x**3 + 4*x**2 + 2*x + 7. Suppose 9 = -5*m - 11. Let b be (15/6)/((-2)/m). Suppose -p = -2*k - 15, 0 = -p + b*k + 28 + 2. Determine d(p).
-8
Let r be 2 + (1 - 0) + 2. Let g(u) = -2 + 3*u - r*u + 8. Calculate g(6).
-6
Let h(q) = 9*q + 5. Let l(z) = 9*z + 4. Suppose -5*s - 21 = -1. Let k(p) = s*l(p) + 3*h(p). Calculate k(1).
-10
Let f(n) = -5 + 3 - 2 + n. Let o be f(4). Let g(s) = s + 3*s**2 + 2*s**3 + o*s**3 - s**3. Determine g(-3).
-3
Let c(b) = -b - 8. Let x be c(-9). Let w(y) = -y**2 + 0*y**2 + y**3 - 1 + 2*y**3 + y. Determine w(x).
2
Let y(p) = -2*p**3 - 1. Suppose 3*v = v + 2. What is y(v)?
-3
Let t(m) be the first derivative of 13*m**2/2 + 16. Give t(-1).
-13
Suppose -2*d + 3*l = -0*d - 10, -3*d + 15 = -3*l. Let u be 0/((-5)/(d/(-3))). Let w(m) = m + 6. Determine w(u).
6
Let b(f) = -11*f**2 - 12*f + 21. Let l(j) = 7*j**2 + 8*j - 14. Let i(y) = 5*b(y) + 8*l(y). Give i(-6).
5
Let a(h) = h**3 - 3*h**2 - 5*h + 3. Suppose -x + 3*w + 8 = 0, 2*w + 3*w + 17 = -2*x. Let y be (1 - -1)/(x/(-2)). Determine a(y).
-1
Let g(q) = -10*q - 2*q + 5 - q**3 + 3 - 13*q**2. Give g(-12).
8
Let f(a) = -a**3 - 4*a**2 - 3. Let r(i) = i**3 + 6*i**2 - 6*i + 3. Let q be r(-7). Calculate f(q).
-3
Suppose -2*k - 13 = -5*z, -3*k + 5*z - 25 = 2*k. Let g(s) be the second derivative of 0 + 1/2*s**3 + 3*s**2 + s. Determine g(k).
-6
Let j(z) = z**2 + 8*z + 14. Let g be j(-7). Let v(u) = u - 8. Calculate v(g).
-1
Let d(o) = o**3 - o**2. Let c(t) = 2*t**3 - 7*t**2 - 2*t + 3. Let l(h) = -c(h) + 3*d(h). Give l(-3).
0
Let m = 22 - 26. Let o(n) = -n**2 - n - 1. Give o(m).
-13
Let u = 10 + -6. Suppose 2*d = u*n, -d - 2*d = -2*n - 4. Let x(q) = -q. Let m(y) = 3*y**2 + 7*y + 2. Let f(s) = n*m(s) + 4*x(s). Determine f(-2).
8
Suppose 3*z + 3 = 6*z. Let v be 1 + 1 + 2/z. Let f(j) = j - v*j + 1 + 4*j. Calculate f(4).
5
Let c(i) = -3*i**3 + 10*i**2 + 6*i + 7. Let b(q) = 7*q**3 - 21*q**2 - 13*q - 15. Let x(u) = -4*b(u) - 9*c(u). What is x(-